{"id":14,"date":"2019-08-06T15:44:23","date_gmt":"2019-08-06T13:44:23","guid":{"rendered":"https:\/\/neu.kt-automobile.com\/?page_id=14"},"modified":"2024-10-09T17:53:56","modified_gmt":"2024-10-09T15:53:56","slug":"home","status":"publish","type":"page","link":"https:\/\/www.kt-automobile.com\/","title":{"rendered":"Home"},"content":{"rendered":"<div id='full_slider_1' class='avia-fullwidth-slider main_color avia-shadow   avia-builder-el-0  el_before_av_section  avia-builder-el-first   container_wrap sidebar_right' style=' '  ><div  data-size='no scaling'  data-lightbox_size='large'  data-animation='slide'  data-conditional_play=''  data-ids='121,122,120,123'  data-video_counter='0'  data-autoplay='true'  data-bg_slider='false'  data-slide_height=''  data-handle='av_slideshow_full'  data-interval='5'  data-class=' '  data-css_id=''  data-scroll_down=''  data-control_layout='av-control-default'  data-custom_markup=''  data-perma_caption='aviaTBperma_caption'  data-autoplay_stopper=''  data-image_attachment=''  data-min_height='0px'  data-src=''  data-position='top left'  data-repeat='no-repeat'  data-attach='scroll'  data-stretch=''  class='avia-slideshow avia-slideshow-1  av-control-default av-default-height-applied avia-slideshow-no scaling av_slideshow_full   avia-slide-slider '  itemprop=\"image\" itemscope=\"itemscope\" itemtype=\"https:\/\/schema.org\/ImageObject\" ><ul class='avia-slideshow-inner ' style='padding-bottom: 66.6281755196%;' ><li  class=' slide-1 ' ><div data-rel='slideshow-1' class='avia-slide-wrap '   ><img src='https:\/\/www.kt-automobile.com\/wp-content\/uploads\/2020\/12\/AdobeStock_259013259_min.jpeg' width='1732' height='1154' title='AdobeStock_259013259_min' alt=''  itemprop=\"thumbnailUrl\"   \/><\/div><\/li><li  class=' slide-2 ' ><div data-rel='slideshow-1' class='avia-slide-wrap '   ><img src='https:\/\/www.kt-automobile.com\/wp-content\/uploads\/2020\/12\/AdobeStock_264588559_min.jpeg' width='1732' height='1154' title='AdobeStock_264588559_min' alt=''  itemprop=\"thumbnailUrl\"   \/><\/div><\/li><li  class=' slide-3 ' ><div data-rel='slideshow-1' class='avia-slide-wrap '   ><img src='https:\/\/www.kt-automobile.com\/wp-content\/uploads\/2020\/12\/AdobeStock_224513153_min.jpeg' width='1731' height='1154' title='AdobeStock_224513153_min' alt=''  itemprop=\"thumbnailUrl\"   \/><\/div><\/li><li  class=' slide-4 ' ><div data-rel='slideshow-1' class='avia-slide-wrap '   ><img src='https:\/\/www.kt-automobile.com\/wp-content\/uploads\/2020\/12\/AdobeStock_341429286_min.jpeg' width='1732' height='1154' title='AdobeStock_341429286_min' alt=''  itemprop=\"thumbnailUrl\"   \/><\/div><\/li><\/ul><div class='avia-slideshow-arrows avia-slideshow-controls'><a href='#prev' class='prev-slide' aria-hidden='true' data-av_icon='\ue87c' data-av_iconfont='entypo-fontello'>Zur\u00fcck<\/a><a href='#next' class='next-slide' aria-hidden='true' data-av_icon='\ue87d' data-av_iconfont='entypo-fontello'>Weiter<\/a><\/div><div class='avia-slideshow-dots avia-slideshow-controls'><a href='#1' class='goto-slide active' >1<\/a><a href='#2' class='goto-slide ' >2<\/a><a href='#3' class='goto-slide ' >3<\/a><a href='#4' class='goto-slide ' >4<\/a><\/div><div class = \"caption_fullwidth av-slideshow-caption caption_center caption_center_framed caption_framed\"><div class = \"container caption_container\"><div class = \"slideshow_caption\"><div class = \"slideshow_inner_caption\"><div class = \"slideshow_align_caption\"><h2  style='font-size:40px; color:#f60000; ' class='avia-caption-title  '  itemprop=\"name\" >KT AUTOMOBILE<\/h2><div class='avia-caption-content  av_inherit_color'  itemprop=\"description\"   style='font-size:30px; color:#f60000; '><p>WIR SIND IHRE KFZ MEISTERWERKSTATT<br \/>\nNEU: jetzt HU \/ AU 2x in der Woche!<\/p>\n<\/div><\/div><\/div><\/div><\/div><\/div><\/div><\/div>\n<div id='av_section_1' class='avia-section main_color avia-section-small avia-no-border-styling avia-bg-style-scroll  avia-builder-el-1  el_after_av_slideshow_full  el_before_av_section    av-minimum-height av-minimum-height-custom  container_wrap sidebar_right' style='background-color: #282828;  margin-top:-70px; margin-bottom:-70px; '  ><div class='container' style='height:200px'><div class='template-page content  av-content-small alpha units'><div class='post-entry post-entry-type-page post-entry-14'><div class='entry-content-wrapper clearfix'>\n<div style='height:100px' class='hr hr-invisible   avia-builder-el-2  el_before_av_textblock  avia-builder-el-first  '><span class='hr-inner ' ><span class='hr-inner-style'><\/span><\/span><\/div>\n<section class=\"av_textblock_section \"  itemscope=\"itemscope\" itemtype=\"https:\/\/schema.org\/CreativeWork\" ><div class='avia_textblock  av_inherit_color '  style='color:#f60000; '  itemprop=\"text\" ><h1 style=\"text-align: center;\">KT AUTOMOBILE<br \/>\nSERVICE RUND UM IHR AUTO IN SCHMIDTHEIM, DAHLEM &amp; BLANKENHEIM<\/h1>\n<\/div><\/section>\n<div style='height:50px' class='hr hr-invisible   avia-builder-el-4  el_after_av_textblock  avia-builder-el-last  '><span class='hr-inner ' ><span class='hr-inner-style'><\/span><\/span><\/div>\n\n<\/div><\/div><\/div><!-- close content main div --><\/div><\/div><div id='av_section_2' class='avia-section main_color avia-section-default avia-no-border-styling avia-bg-style-scroll  avia-builder-el-5  el_after_av_section  el_before_av_section    container_wrap sidebar_right' style='background-color: #282828;  '  ><div class='container' ><div class='template-page content  av-content-small alpha units'><div class='post-entry post-entry-type-page post-entry-14'><div class='entry-content-wrapper clearfix'>\n<div class=\"flex_column av_one_half  flex_column_div av-zero-column-padding first  avia-builder-el-6  el_before_av_one_half  avia-builder-el-first  \" style='border-radius:0px; '><p><div class='avia-button-wrap avia-button-center  avia-builder-el-7  el_before_av_textblock  avia-builder-el-first  '><a href='' class='avia-button avia-button-fullwidth   avia-icon_select-yes-left-icon avia-color-custom '  style='color:#ffffff; background-color:#f60000;  ' ><span class='avia_button_icon avia_button_icon_left ' aria-hidden='true' data-av_icon='\ue862' data-av_iconfont='entypo-fontello'><\/span><span class='avia_iconbox_title' >\u00d6FFNUNGSZEITEN<\/span><span class='avia_button_background avia-button avia-button-fullwidth avia-color-theme-color' ><\/span><\/a><\/div><br \/>\n<section class=\"av_textblock_section \"  itemscope=\"itemscope\" itemtype=\"https:\/\/schema.org\/CreativeWork\" ><div class='avia_textblock  av_inherit_color '  style='font-size:24px; color:#ffffff; '  itemprop=\"text\" ><p style=\"text-align: center;\">Mo-Fr: 8:00 bis 17:00 Uhr<\/p>\n<p style=\"text-align: center;\">Sa: Geschlossen<\/p>\n<p style=\"text-align: center;\"><strong>SERVICEANNAHME<\/strong><\/p>\n<p style=\"text-align: center;\">Mo-Fr: 8:00 bis 17:00 Uhr<\/p>\n<p style=\"text-align: center;\">Sa: Geschlossen<\/p>\n<\/div><\/section><\/p><\/div><div class=\"flex_column av_one_half  flex_column_div av-zero-column-padding   avia-builder-el-9  el_after_av_one_half  avia-builder-el-last  \" style='border-radius:0px; '><p><div class='avia-button-wrap avia-button-center  avia-builder-el-10  el_before_av_textblock  avia-builder-el-first  '><a href='' class='avia-button avia-button-fullwidth   avia-icon_select-yes-left-icon avia-color-custom '  style='color:#ffffff; background-color:#f60000;  ' ><span class='avia_button_icon avia_button_icon_left ' aria-hidden='true' data-av_icon='\ue854' data-av_iconfont='entypo-fontello'><\/span><span class='avia_iconbox_title' >KONTAKT<\/span><span class='avia_button_background avia-button avia-button-fullwidth avia-color-theme-color' ><\/span><\/a><\/div><br \/>\n<section class=\"av_textblock_section \"  itemscope=\"itemscope\" itemtype=\"https:\/\/schema.org\/CreativeWork\" ><div class='avia_textblock  av_inherit_color '  style='font-size:24px; color:#ffffff; '  itemprop=\"text\" ><p style=\"text-align: center;\">Industriestra\u00dfe 32<\/p>\n<p style=\"text-align: center;\">53949 Schmidtheim<\/p>\n<p style=\"text-align: center;\">Tel: 0177 9154658<\/p>\n<p style=\"text-align: center;\">Mail: info@kt-automobile.com<\/p>\n<\/div><\/section><\/p><\/div>\n\n<\/div><\/div><\/div><!-- close content main div --><\/div><\/div><div id='av_section_3' class='avia-section main_color avia-section-default avia-no-border-styling avia-bg-style-scroll  avia-builder-el-12  el_after_av_section  el_before_av_section    container_wrap sidebar_right' style='background-color: #282828;  '  ><div class='container' ><div class='template-page content  av-content-small alpha units'><div class='post-entry post-entry-type-page post-entry-14'><div class='entry-content-wrapper clearfix'>\n<div class=\"flex_column av_one_full  flex_column_div av-zero-column-padding first  avia-builder-el-13  avia-builder-el-no-sibling  \" style='border-radius:0px; '><section class=\"av_textblock_section \"  itemscope=\"itemscope\" itemtype=\"https:\/\/schema.org\/CreativeWork\" ><div class='avia_textblock  av_inherit_color '  style='font-size:24px; color:#ffffff; '  itemprop=\"text\" ><h2 class=\"\" style=\"text-align: center;\">ALLE MARKEN, ALLE MODELLE, ALLE BAUJAHRE: WIR K\u00d6NNEN DAS!<\/h2>\n<p align=\"justify\">Wir machen Ihnen die Entscheidung leicht: Reparaturen, Wartungen und Inspektionen \u2013 ganz gleich, ob f\u00fcr Ihren Gebraucht- oder Neuwagen, ganz gleich welches Modell oder welcher Hersteller \u2013 wir sind Ihr Ansprechpartner f\u00fcr Autoservice im Umkreis von Schmidtheim, Blankenheim und Stadtkyll. Bei uns werden alle Arbeiten ausschlie\u00dflich unter Verwendung von Original-Marken-Ersatzteilen sowie f\u00fchrender Erstausr\u00fcster aus der Automobilindustrie durchgef\u00fchrt.<br \/>\nBei uns steht kundenorientierter Service an erster Stelle. Daf\u00fcr bedarf es eines fundierten Wissens. Unser gesamtes Team nimmt regelm\u00e4\u00dfig an praxisorientierten Schulungen zu Bauteilen, Reparaturen und Werkstattausr\u00fcstungen teil. Als Partnerbetrieb der <a href=\"https:\/\/www.autoexcellent.de\/\">AUTOEXCELLENT WERKSTATT<\/a> haben wir ein Qualit\u00e4tsversprechen zu erf\u00fcllen. In unserem Interesse und zu Ihrem Vorteil.<\/p>\n<p>Unser geschultes und kompetentes Team steht Ihnen mit einem umfangreichen Leistungsangebot, Erfahrung und verl\u00e4sslicher Meisterqualit\u00e4t jederzeit mit Rat und Tat zur Verf\u00fcgung. Als Autowerkstatt k\u00fcmmern wir uns professionell um die Instandhaltung Ihres Fahrzeuges.<\/p>\n<p>Vereinbaren Sie noch heute einen <a href=\"https:\/\/www.kt-automobile.com\/terminvereinbarung\/\">Termin<\/a> mit uns und nehmen Sie gern jederzeit unseren kundenfreundlichen und flexiblen Service in Anspruch.<\/p>\n<p>KT Automobile &#8211; Ihre Autowerkstatt in Schmidtheim<\/p>\n<\/div><\/section><\/div>\n\n<\/div><\/div><\/div><!-- close content main div --><\/div><\/div><div id='av_section_4' class='avia-section main_color avia-section-default avia-no-border-styling avia-bg-style-scroll  avia-builder-el-15  el_after_av_section  el_before_av_section    container_wrap sidebar_right' style='background-color: #282828;  '  ><div class='container' ><div class='template-page content  av-content-small alpha units'><div class='post-entry post-entry-type-page post-entry-14'><div class='entry-content-wrapper clearfix'>\n<div class=\"flex_column av_one_third  flex_column_div av-zero-column-padding first  avia-builder-el-16  el_before_av_two_third  avia-builder-el-first  \" style='border-radius:0px; '><p><span class=\"av_font_icon avia_animate_when_visible avia-icon-animate  av-icon-style-  avia-icon-pos-center \" style=\"color:#f60000; border-color:#f60000;\"><span class='av-icon-char' style='font-size:80px;line-height:80px;' aria-hidden='true' data-av_icon='\ue81f' data-av_iconfont='entypo-fontello' ><\/span><\/span><br \/>\n<section class=\"av_textblock_section \"  itemscope=\"itemscope\" itemtype=\"https:\/\/schema.org\/CreativeWork\" ><div class='avia_textblock  av_inherit_color '  style='font-size:40px; color:#ffffff; '  itemprop=\"text\" ><p style=\"text-align: center;\">NEU IM ANGEBOT<\/p>\n<\/div><\/section><\/p><\/div><div class=\"flex_column av_two_third  flex_column_div av-zero-column-padding   avia-builder-el-19  el_after_av_one_third  avia-builder-el-last  \" style='border-radius:0px; '><section class=\"av_textblock_section \"  itemscope=\"itemscope\" itemtype=\"https:\/\/schema.org\/CreativeWork\" ><div class='avia_textblock  av_inherit_color '  style='font-size:20px; color:#ffffff; '  itemprop=\"text\" ><h2 style=\"text-align: center;\">DPF-Reinigung<\/h2>\n<h2 style=\"text-align: center;\">Dieselpartikelfilterreinigung<\/h2>\n<p style=\"text-align: center;\">Wir reinigen den Dieselpartikelfilter Ihres Fahrzeugs schnell und zuverl\u00e4ssig: bis 12 Uhr gebracht, bis 17 Uhr fertig!<\/p>\n<\/div><\/section><\/div><\/div><\/div><\/div><!-- close content main div --><\/div><\/div><div id='av_section_5' class='avia-section main_color avia-section-default avia-no-border-styling avia-bg-style-scroll  avia-builder-el-21  el_after_av_section  el_before_av_section    container_wrap sidebar_right' style='background-color: #282828;  '  ><div class='container' ><div class='template-page content  av-content-small alpha units'><div class='post-entry post-entry-type-page post-entry-14'><div class='entry-content-wrapper clearfix'>\n<div class=\"flex_column av_one_third  flex_column_div av-zero-column-padding first  avia-builder-el-22  el_before_av_one_third  avia-builder-el-first  \" style='border-radius:0px; '><p><div class='avia-button-wrap avia-button-center  avia-builder-el-23  el_before_av_image  avia-builder-el-first  '><a href='' class='avia-button avia-button-fullwidth   avia-icon_select-no avia-color-custom '  style='color:#ffffff; background-color:#f60000;  ' ><span class='avia_iconbox_title' >KOMPETENZ<\/span><span class='avia_button_background avia-button avia-button-fullwidth avia-color-theme-color' ><\/span><\/a><\/div><br \/>\n<div class='avia-image-container  av-styling-    avia-builder-el-24  el_after_av_button_big  el_before_av_textblock  avia-builder-el-first   avia-align-center '  itemprop=\"image\" itemscope=\"itemscope\" itemtype=\"https:\/\/schema.org\/ImageObject\"  ><div class='avia-image-container-inner'><div class='avia-image-overlay-wrap'><img class='avia_image' src='https:\/\/www.kt-automobile.com\/wp-content\/uploads\/2020\/12\/AdobeStock_334900320_min-495x400.jpeg' alt='' title='AdobeStock_334900320_min' height=\"400\" width=\"495\"  itemprop=\"thumbnailUrl\"  \/><\/div><\/div><\/div><br \/>\n<section class=\"av_textblock_section \"  itemscope=\"itemscope\" itemtype=\"https:\/\/schema.org\/CreativeWork\" ><div class='avia_textblock  av_inherit_color '  style='font-size:24px; color:#ffffff; '  itemprop=\"text\" ><p style=\"text-align: center;\">Wir vermitteln unseren Kunden Kompetenz durch beste Arbeits- und Produktleistung rund ums Auto. Reparaturen werden bei uns mit Ersatzteilen in Erstausr\u00fcsterqualit\u00e4t durchgef\u00fchrt.<\/p>\n<\/div><\/section><\/p><\/div><div class=\"flex_column av_one_third  flex_column_div av-zero-column-padding   avia-builder-el-26  el_after_av_one_third  el_before_av_one_third  \" style='border-radius:0px; '><p><div class='avia-button-wrap avia-button-center  avia-builder-el-27  el_before_av_image  avia-builder-el-first  '><a href='' class='avia-button avia-button-fullwidth   avia-icon_select-no avia-color-custom '  style='color:#ffffff; background-color:#f60000;  ' ><span class='avia_iconbox_title' >PERS\u00d6NLICHKEIT<\/span><span class='avia_button_background avia-button avia-button-fullwidth avia-color-theme-color' ><\/span><\/a><\/div><br \/>\n<div class='avia-image-container  av-styling-    avia-builder-el-28  el_after_av_button_big  el_before_av_textblock  avia-builder-el-first   avia-align-center '  itemprop=\"image\" itemscope=\"itemscope\" itemtype=\"https:\/\/schema.org\/ImageObject\"  ><div class='avia-image-container-inner'><div class='avia-image-overlay-wrap'><img class='avia_image' src='https:\/\/www.kt-automobile.com\/wp-content\/uploads\/2020\/12\/AdobeStock_122505338_min-495x400.jpeg' alt='' title='AdobeStock_122505338_min' height=\"400\" width=\"495\"  itemprop=\"thumbnailUrl\"  \/><\/div><\/div><\/div><br \/>\n<section class=\"av_textblock_section \"  itemscope=\"itemscope\" itemtype=\"https:\/\/schema.org\/CreativeWork\" ><div class='avia_textblock  av_inherit_color '  style='font-size:24px; color:#ffffff; '  itemprop=\"text\" ><p style=\"text-align: center;\">Pers\u00f6nliche Beratung steht bei uns ganz oben. Wir gehen auf Ihre individuellen W\u00fcnsche ein. Schlie\u00dflich kennen wir Ihre Automarke und reparieren sie von Meisterhand nach Herstellervorgaben.<\/p>\n<\/div><\/section><\/p><\/div><div class=\"flex_column av_one_third  flex_column_div av-zero-column-padding   avia-builder-el-30  el_after_av_one_third  avia-builder-el-last  \" style='border-radius:0px; '><p><div class='avia-button-wrap avia-button-center  avia-builder-el-31  el_before_av_image  avia-builder-el-first  '><a href='' class='avia-button avia-button-fullwidth   avia-icon_select-no avia-color-custom '  style='color:#ffffff; background-color:#f60000;  ' ><span class='avia_iconbox_title' >VERTRAUEN<\/span><span class='avia_button_background avia-button avia-button-fullwidth avia-color-theme-color' ><\/span><\/a><\/div><br \/>\n<div class='avia-image-container  av-styling-    avia-builder-el-32  el_after_av_button_big  el_before_av_textblock  avia-builder-el-first   avia-align-center '  itemprop=\"image\" itemscope=\"itemscope\" itemtype=\"https:\/\/schema.org\/ImageObject\"  ><div class='avia-image-container-inner'><div class='avia-image-overlay-wrap'><img class='avia_image' src='https:\/\/www.kt-automobile.com\/wp-content\/uploads\/2020\/12\/AdobeStock_311331162_min-495x400.jpeg' alt='' title='AdobeStock_311331162_min' height=\"400\" width=\"495\"  itemprop=\"thumbnailUrl\"  \/><\/div><\/div><\/div><br \/>\n<section class=\"av_textblock_section \"  itemscope=\"itemscope\" itemtype=\"https:\/\/schema.org\/CreativeWork\" ><div class='avia_textblock  av_inherit_color '  style='font-size:24px; color:#ffffff; '  itemprop=\"text\" ><p>In unserer AUTOEXCELLENT Kfz-Meisterwerkstatt schreiben wir SERVICE ganz gro\u00df. Wir bieten Ihnen neben Inspektions- und Wartungsarbeiten an allen Fahrzeugmarken auch Lackierung sowie\u00a0 Hauptuntersuchung im Haus (mit integrierter AU)* und Reifen-Service an.<\/p>\n<\/div><\/section><\/p><\/div>\n<\/p>\n<\/div><\/div><\/div><!-- close content main div --><\/div><\/div><div id='av_section_6' class='avia-section main_color avia-section-default avia-no-border-styling avia-bg-style-scroll  avia-builder-el-34  el_after_av_section  avia-builder-el-last    container_wrap sidebar_right' style='background-color: #282828;  '  ><div class='container' ><div class='template-page content  av-content-small alpha units'><div class='post-entry post-entry-type-page post-entry-14'><div class='entry-content-wrapper clearfix'>\n<section class=\"av_textblock_section \"  itemscope=\"itemscope\" itemtype=\"https:\/\/schema.org\/CreativeWork\" ><div class='avia_textblock  av_inherit_color '  style='font-size:24px; color:#ffffff; '  itemprop=\"text\" ><h2 style=\"text-align: center;\">WAS BIETEN WIR?<\/h2>\n<p style=\"text-align: center;\">W\u00e4hlen Sie die gew\u00fcnschte Leistung aus.<\/p>\n<\/div><\/section>\n<div class=\"flex_column av_one_fourth  flex_column_div av-zero-column-padding first  avia-builder-el-36  el_after_av_textblock  el_before_av_one_fourth  column-top-margin\" style='border-radius:0px; '><div class='avia-image-container  av-styling-    avia-builder-el-37  avia-builder-el-no-sibling   avia-align-center '  itemprop=\"image\" itemscope=\"itemscope\" itemtype=\"https:\/\/schema.org\/ImageObject\"  ><div class='avia-image-container-inner'><div class='avia-image-overlay-wrap'><a href='https:\/\/www.kt-automobile.com\/?page_id=134' class='avia_image'  ><img class='avia_image ' src='https:\/\/www.kt-automobile.com\/wp-content\/uploads\/2020\/11\/Car-Service-dark-300x300.png' alt='' title='Car Service dark'  itemprop=\"thumbnailUrl\"  \/><\/a><\/div><\/div><\/div><\/div><div class=\"flex_column av_one_fourth  flex_column_div av-zero-column-padding   avia-builder-el-38  el_after_av_one_fourth  el_before_av_one_fourth  column-top-margin\" style='border-radius:0px; '><div class='avia-image-container  av-styling-    avia-builder-el-39  avia-builder-el-no-sibling   avia-align-center '  itemprop=\"image\" itemscope=\"itemscope\" itemtype=\"https:\/\/schema.org\/ImageObject\"  ><div class='avia-image-container-inner'><div class='avia-image-overlay-wrap'><a href='https:\/\/www.kt-automobile.com\/?page_id=140' class='avia_image'  ><img class='avia_image ' src='https:\/\/www.kt-automobile.com\/wp-content\/uploads\/2020\/11\/Brake_dark-300x282.png' alt='' title='Brake_dark'  itemprop=\"thumbnailUrl\"  \/><\/a><\/div><\/div><\/div><\/div><div class=\"flex_column av_one_fourth  flex_column_div av-zero-column-padding   avia-builder-el-40  el_after_av_one_fourth  el_before_av_one_fourth  column-top-margin\" style='border-radius:0px; '><div class='avia-image-container  av-styling-    avia-builder-el-41  avia-builder-el-no-sibling   avia-align-center '  itemprop=\"image\" itemscope=\"itemscope\" itemtype=\"https:\/\/schema.org\/ImageObject\"  ><div class='avia-image-container-inner'><div class='avia-image-overlay-wrap'><a href='https:\/\/www.kt-automobile.com\/?page_id=147' class='avia_image'  ><img class='avia_image ' src='https:\/\/www.kt-automobile.com\/wp-content\/uploads\/2020\/11\/Tyres_dark-300x266.png' alt='' title='Tyres_dark'  itemprop=\"thumbnailUrl\"  \/><\/a><\/div><\/div><\/div><\/div><div class=\"flex_column av_one_fourth  flex_column_div av-zero-column-padding   avia-builder-el-42  el_after_av_one_fourth  el_before_av_one_fourth  column-top-margin\" style='border-radius:0px; '><div class='avia-image-container  av-styling-    avia-builder-el-43  avia-builder-el-no-sibling   avia-align-center '  itemprop=\"image\" itemscope=\"itemscope\" itemtype=\"https:\/\/schema.org\/ImageObject\"  ><div class='avia-image-container-inner'><div class='avia-image-overlay-wrap'><a href='https:\/\/www.kt-automobile.com\/?page_id=136' class='avia_image'  ><img class='avia_image ' src='https:\/\/www.kt-automobile.com\/wp-content\/uploads\/2021\/02\/TUeV-300x269.png' alt='' title='T\u00dcV'  itemprop=\"thumbnailUrl\"  \/><\/a><\/div><\/div><\/div><\/div><div class=\"flex_column av_one_fourth  flex_column_div av-zero-column-padding first  avia-builder-el-44  el_after_av_one_fourth  el_before_av_one_fourth  column-top-margin\" style='border-radius:0px; '><div class='avia-image-container  av-styling-    avia-builder-el-45  avia-builder-el-no-sibling   avia-align-center '  itemprop=\"image\" itemscope=\"itemscope\" itemtype=\"https:\/\/schema.org\/ImageObject\"  ><div class='avia-image-container-inner'><div class='avia-image-overlay-wrap'><a href='https:\/\/www.kt-automobile.com\/?page_id=142' class='avia_image'  ><img class='avia_image ' src='https:\/\/www.kt-automobile.com\/wp-content\/uploads\/2021\/02\/Auspuff-1-300x272.png' alt='' title='Auspuff'  itemprop=\"thumbnailUrl\"  \/><\/a><\/div><\/div><\/div><\/div><div class=\"flex_column av_one_fourth  flex_column_div av-zero-column-padding   avia-builder-el-46  el_after_av_one_fourth  el_before_av_one_fourth  column-top-margin\" style='border-radius:0px; '><div class='avia-image-container  av-styling-    avia-builder-el-47  avia-builder-el-no-sibling   avia-align-center '  itemprop=\"image\" itemscope=\"itemscope\" itemtype=\"https:\/\/schema.org\/ImageObject\"  ><div class='avia-image-container-inner'><div class='avia-image-overlay-wrap'><a href='https:\/\/www.kt-automobile.com\/?page_id=152' class='avia_image'  ><img class='avia_image ' src='https:\/\/www.kt-automobile.com\/wp-content\/uploads\/2021\/02\/Klimaservice-1-300x279.png' alt='' title='Klimaservice'  itemprop=\"thumbnailUrl\"  \/><\/a><\/div><\/div><\/div><\/div><div class=\"flex_column av_one_fourth  flex_column_div av-zero-column-padding   avia-builder-el-48  el_after_av_one_fourth  el_before_av_one_fourth  column-top-margin\" style='border-radius:0px; '><div class='avia-image-container  av-styling-    avia-builder-el-49  avia-builder-el-no-sibling   avia-align-center '  itemprop=\"image\" itemscope=\"itemscope\" itemtype=\"https:\/\/schema.org\/ImageObject\"  ><div class='avia-image-container-inner'><div class='avia-image-overlay-wrap'><a href='https:\/\/www.kt-automobile.com\/?page_id=144' class='avia_image'  ><img class='avia_image ' src='https:\/\/www.kt-automobile.com\/wp-content\/uploads\/2021\/02\/Fahrwerk-1-300x291.png' alt='' title='Fahrwerk'  itemprop=\"thumbnailUrl\"  \/><\/a><\/div><\/div><\/div><\/div><div class=\"flex_column av_one_fourth  flex_column_div av-zero-column-padding   avia-builder-el-50  el_after_av_one_fourth  avia-builder-el-last  column-top-margin\" style='border-radius:0px; '><div class='avia-image-container  av-styling-    avia-builder-el-51  avia-builder-el-no-sibling   avia-align-center '  itemprop=\"image\" itemscope=\"itemscope\" itemtype=\"https:\/\/schema.org\/ImageObject\"  ><div class='avia-image-container-inner'><div class='avia-image-overlay-wrap'><a href='https:\/\/www.kt-automobile.com\/?page_id=150' class='avia_image'  ><img class='avia_image ' src='https:\/\/www.kt-automobile.com\/wp-content\/uploads\/2021\/02\/Frontscheibe-1-300x256.png' alt='' title='Frontscheibe'  itemprop=\"thumbnailUrl\"  \/><\/a><\/div><\/div><\/div><\/div>\n<\/div><\/div><\/div><!-- close content main div --><\/div><\/div><div id='after_section_6' class='main_color av_default_container_wrap container_wrap sidebar_right' style=' '  ><div class='container' ><div class='template-page content  av-content-small alpha units'><div class='post-entry post-entry-type-page post-entry-14'><div class='entry-content-wrapper clearfix'>\n","protected":false},"excerpt":{"rendered":"","protected":false},"author":1,"featured_media":0,"parent":0,"menu_order":0,"comment_status":"closed","ping_status":"closed","template":"","meta":{"footnotes":""},"class_list":["post-14","page","type-page","status-publish","hentry"],"aioseo_notices":[],"_links":{"self":[{"href":"https:\/\/www.kt-automobile.com\/index.php?rest_route=\/wp\/v2\/pages\/14"}],"collection":[{"href":"https:\/\/www.kt-automobile.com\/index.php?rest_route=\/wp\/v2\/pages"}],"about":[{"href":"https:\/\/www.kt-automobile.com\/index.php?rest_route=\/wp\/v2\/types\/page"}],"author":[{"embeddable":true,"href":"https:\/\/www.kt-automobile.com\/index.php?rest_route=\/wp\/v2\/users\/1"}],"replies":[{"embeddable":true,"href":"https:\/\/www.kt-automobile.com\/index.php?rest_route=%2Fwp%2Fv2%2Fcomments&post=14"}],"version-history":[{"count":45,"href":"https:\/\/www.kt-automobile.com\/index.php?rest_route=\/wp\/v2\/pages\/14\/revisions"}],"predecessor-version":[{"id":280,"href":"https:\/\/www.kt-automobile.com\/index.php?rest_route=\/wp\/v2\/pages\/14\/revisions\/280"}],"wp:attachment":[{"href":"https:\/\/www.kt-automobile.com\/index.php?rest_route=%2Fwp%2Fv2%2Fmedia&parent=14"}],"curies":[{"name":"wp","href":"https:\/\/api.w.org\/{rel}","templated":true}]}}